value of 19 + -4 - -12 - 43?
-16
What is (16 - 26 - -19) + -9?
0
-4 - (-5 + 8 + (-9 - -6))
-4
Evaluate 3 - (-72 + 45 - (-4 + 3 - -4)).
33
Evaluate -1 + -4 - (3 + -7 + 11 + -11).
-1
Evaluate (2 - (16 + -35)) + -5.
16
-15 - (-1 + -5 - -3)
-12
What is the value of (3 + -18 - (-16 + 7)) + (2 - 3)?
-7
Evaluate -22 - (15 + -16 - (1 - (-1 - 4))).
-15
5 - ((0 - -2) + 3 + (134 - 141))
7
3 + (-3 - -8) + -15 + 7
0
What is the value of (-76 + 13 - -39) + 33?
9
What is (-96 - -82) + 12 + -1?
-3
Calculate -6 + -9 + 10 - (42 + -17).
-30
What is (-19 - 14 - -15) + 21?
3
(-10 - 0) + (-17 - (-41 + 16))
-2
(-8 - -3) + -20 + (-16 - -9) + 17
-15
Evaluate -15 + -1 - (-32 - -16).
0
-6 - (-16 - -6) - 4 - 2
-2
Calculate 9 + 22 + -19 + -11 + 0.
1
What is the value of -34 + 76 + -39 + -41?
-38
What is 3 + 4 + -8 + -11 + -4 + -5?
-21
Calculate -55 + (30 - (16 - 14)).
-27
Evaluate -32 - (-161 + 171 - (-4 - -2 - -14)).
-30
(0 - 2 - -8) + (338 - 352)
-8
Calculate -2 - (-42 + 31) - 15.
-6
What is 14 + (4 - 31) + 13?
0
Calculate 2 + 2 - (-3 - (14 - 12) - 3).
12
(-8 + -4 - -3) + -4 + -3
-16
Calculate 12 + (-5 + 18 - 19).
6
Evaluate 2 + -7 + 8 - 9.
-6
Calculate 25 + -19 + 3 + 4.
13
What is -7 - 2 - (9 + (4 + -6 - 4))?
-12
Calculate -148 + 189 - (18 + 1) - (-1 + 5).
18
Evaluate 8 + -3 + 0 - (10 - 4).
-1
What is 8 + -4 - -2 - (2 + 3)?
1
Calculate -3 + -1 + 16 + 1 + 35 + -27.
21
-129 - -137 - (9 + 0)
-1
Evaluate -11 - -1 - (40 - 61).
11
(-24 - -14 - -13) + 1 + 0 + 13
17
What is 0 - 3 - (-52 - -58)?
-9
-10 - 3 - (-19 + -7 - -19)
-6
Evaluate 15 + (3 - 12) - 4 - -10.
12
What is the value of 18 + 3 + (-55 - -41)?
7
Evaluate -39 - (32 + -80 - -12).
-3
-9 + 2 + (21 - (-1 - -19))
-4
What is the value of 19 - ((-4 - -12 - 6) + 0)?
17
-16 + -8 + 2 + 6 + -3 + 1
-18
Evaluate (-20 + 21 - -7) + 6.
14
Calculate 6 + (40 + -32 - (4 - -3)).
7
(-4 - -3) + -2 + -2 - (18 - 19)
-4
8 - (16 - (10 - 8))
-6
What is the value of -21 - -27 - (1 - 7)?
12
90 + (18 - 90) - (0 - (6 + 2))
26
Evaluate (-22 - -18) + 8 - -19.
23
What is the value of -1 - -36 - (8 + 31)?
-4
Evaluate 20 + 3 - (67 + -55).
11
Evaluate -13 + (45 - 49 - (2 - 25)).
6
Evaluate 1 - (-22 + -8 - -12).
19
-4 + -13 - (26 + -24 - -7)
-26
16 + (-8 - -6) - 6 - -1
9
12 + (18 - 38 - -9) - (-2 + 6)
-3
What is (1 - 10) + 25 - 6 - 24?
-14
What is the value of 9 + (-8 - 6 - -18) - 25?
-12
Evaluate 10 + -8 - ((0 - 0) + -5).
7
What is the value of -12 + 1 + (-46 - (-58 - -27))?
-26
Calculate -7 + 0 + 0 + (-3 - -3) + 12.
5
Calculate (20 - 7) + 44 + -79.
-22
What is (9 + -10 - -10) + (-7 - 0) - -7?
9
12 + (6 - 14) + -19
-15
(47 - 54) + (-4 - (6 - 15))
-2
Evaluate (-2 - -4 - -2) + -9 + (0 - -2).
-3
Calculate (-10 - (9 + -49 + 16)) + -11.
3
What is the value of (1 - 7) + (-7 - (0 - 8) - 0)?
-5
What is 1 - ((-31 - -5) + -7 - -17)?
17
-23 + (-4 - (-14 + 10))
-23
(-24 - -25 - -8) + (-29 - 0)
-20
What is the value of 10 - (-9 - -17) - 10?
-8
What is the value of -5 + -1 + (17 + -20 - 11 - -32)?
12
What is the value of -37 + 12 + -25 + 36?
-14
Calculate 13 + 32 + -40 - (-1 - 7).
13
What is the value of -8 + -7 + (-14 - -22)?
-7
Calculate 5 + -8 + 5 - 14.
-12
What is 11 + -4 - (-154 + 173)?
-12
What is (-17 - 3 - -19) + (2 - -7)?
8
Calculate (3 - 13) + (39 - 33) + -1 + -6.
-11
Evaluate 25 + 3 + (1 + 2 - (-59 + 62)).
28
Calculate -21 + -14 + 34 - 25.
-26
Evaluate (11 - (-11 - -24)) + 4 + 1.
3
Evaluate 7 + (6 - (7 - -22) - -2) + -1.
-15
2 + -6 + -6 + 19 - 0 - -14
23
What is the value of (13 - 8) + 14 + -10 + 19?
28
What is 11 + -17 + 17 + -11 + 14?
14
What is the value of 2 - (-6 + -12 + 15)?
5
Calculate -13 + 5 + 1 + (4 - 3).
-6
1 - -3 - (-9 + 16 + -17 + -4)
18
Evaluate -2 - (-17 + 3) - 2 - (13 - 16).
13
What is 2 + -1 + -18 - (11 + -6 + -6)?
-16
0 - (-3 + 2 + 11 + -17)
7
-11 + (-21 - -16 - -40)
24
Calculate 1 - (-21 + 14 + 15).
-7
22 + -53 + 21 + (25 - -3)
18
(5 - -2) + (-1 - 9) + (46 - 52)
-9
What is -8 + (-8 - (-18 + 0)) + -10 - -15?
7
What is the value of 13 - 23 - (-7 - 4) - -13?
14
What is -33 - (-1 + (-12 - 7))?
-13
-30 + 12 - -12 - (1 - -1 - 0)
-8
Calculate (-21 + 12 - -1) + (-11 - -27).
8
-16 + (9 - 21) - -20 - 23
-31
What is -6 - (-10 - -1 - -9) - (1 + -31)?
24
What is -8 + 11 + -9 - (-4 - -1)?
-3
What is (-2 + -7 - -3) + (0 - -1) + 6?
1
Calculate -771 + 764 + 5 + 2 + 0.
0
Calculate 9 + -6 + -5 + 4 + 5.
7
What is the value of 75 - 36 - 32 - (-2 + (0 - 6))?
15
What is 17 - -1 - (-130 + 146)?
2
Evaluate -2 + (-1 - (7 - 3)) + 12.
5
What is 6 - 9 - (-43 - -13)?
27
What is (15 - 36) + 23 - (-6 - (-1 - 0))?
7
40 - 20 - (-1 - -14)
7
What is the value of (38 - 42) + -4 + -2?
-10
Evaluate -2 + -17 + 24 + (-11 - (-2 - 0)).
-4
What is (43 - -3) + -57 - (-1 - 1)?
-9
Evaluate -17 + 7 + 9 + (-3 - 5).
-9
What is the value of 7 - (9 - 15) - 13?
0
-10 - -5 - 8 - (4 - (-3 + 9))
-11
55 - (-7 - (-40 + 1))
23
What is the value of -13 - (17 + -57) - 12?
15
Evaluate -5 - (2 + (-4 - 22)).
19
What is the value of 2 + (-4 - 9) + 12 + -2?
-1
What is 0 + (-31 + 0 - -9)?
-22
Calculate 7 - (1 + 3) - (1 + (2 - 6)).
6
What is the value of 45 - (31 - 32 - -23)?
23
Evaluate (-2 - 0) + (2 - -5) - (73 - 72).
4
What is 5 - -1 - (2 - (-8 - 1))?
-5
Calculate 17 - (9 + (-20 - (2 + -10))).
20
Calculate -96 + 102 - (-3 - (-2 + (-2 - -5))).
10
What is 5 + (-2 - (2 + 4))?
-3
Calculate 12 - (-63 - -71 - (-2 + 0)).
2
Calculate -19 + (-9 - -2) + 6 - 3.
-23
Evaluate (-12 - -13) + (6 - -1 - 19).
-11
(-2 - -16) + -11 + (-13 - -6)
-4
6 + (-6 + -9 - -7)
-2
Calculate -2 + (4 - (-25 + -6)) - 14.
19
What is -32 + (25 - (20 + -15))?
-12
What is 29 - (-10 + 12) - 13?
14
-11 - ((0 + -3 - -13) + -10)
-11
Evaluate (1 - (12 + -20 - 2)) + -40.
-29
What is the value of -30 + 22 + -2 + (-3 - -1) + 0?
-12
What is the value of -1 - ((1 + -4 - (3 - -3)) + 5)?
3
Evaluate 0 + 4 - 11 - (-7 - (-1 - 6)).
-7
Evaluate 3 + -15 + 11 - -11.
10
Evaluate (0 - (-12 + 1)) + (-8 - 1).
2
-8 + 9 + -8 + 4 - (-14 + 31)
-20
What is the value of (-9 + -14 - 2) + -3 + 7?
-21
Calculate 3 + (-4 - (0 + -6) - 9) + -2.
-6
What is (6 - 10) + -6 + (9 - -5)?
4
Calculate 9 + 0 + (-10 + 14 - (40 + -4)).
-23
(1 - -4 - 1 - (-66 + 72)) + 18
16
Evaluate 0 + -1 - (-127 - -125).
1
What is the value of -19 - (17 - 27) - ((-1 - 0) + -4)?
-4
Evaluate -2 + (1 - 8) + 2 + 12 + 5.
10
Calculate (-1 + -2 - (10 + (-24 - -6))) + 20.
25
What is the value of -19 + -13 - -23 - (4 + -1 + -9)?
-3
-4 + 1 + 10 + 162 + -138 + 6
37
What is the value of (6 - -10) + -12 + (17 - (1 - 1))?
21
Evaluate (0 + -8 + 15 - 9) + 1.
-1
-13 - (-2 + 4 - 0) - (1358 - 1346)
-27
Calculate (-1 - -9) + (2 - -3 - (50 + -41)).
4
34 - (2 + -2 + (14 - 19))
39
Evaluate -16 - (-12 + 7 + -12).
1
-36 - (-112 + 71) - (13 + 0 + 1)
-9
14 + -1 + -9 + 7
11
12 + -24 + 0 + 8 - 3
-7
What is 101 + -97 + 2 + -1 + 2 - 0?
7
Evaluate -8 + 15 + (-9 - -10 - (3 - -6)).
-1
What is 6 - (-2 - (-1 - 6) - (0 - -6))?
7
Calculate 2 - (-21 - 10 - -31).
2
Evaluate 46 + -37 - (7 + -3 - -4).
1
(-3 - 13) + 17 + (4 - -1)
6
What is the value of 13 + -7 + -14 - (-1 - (-4 - 3))?
-14
Calculate 5 - (-10 + -1) - (-11 - -7).
20
What is the value of 75 + -33 - (2 - -21)?
19
What is the value of -2 - -27 - (104 - 100)?
21
Evaluate -17 + 12 - (26 + -16).
-15
What is (17 - (-20 - -29)) + (2 - -4)?
14
Evaluate (-9 - -8 - 18 - -3) + 8 + -7.
-15
Calculate (-7 - -17 - 30 - -14) + 7.
1
Evaluate 1 - -12 - (-14 + -10 - -25).
12
What is 7 + 0 + (-3 - (-3 + 2 - 5))?
10
Calculate 6 - (-1 + 21 - -1 - (-22 + 27)).
-10
Evaluate (-1 - 0 - (-15 + 39 + -20)) + -1.
-6
Calculate -13 + (13 - -16) - (2 + 5).
9
Calculate -17 - (1 - -7 - (-12 - -7 - -3)).
-27
52 + -55 - (-1 - 1) - 11
-12
Calculate (-12 - ((-3 - 29) + 6)) + -2 + -4.
8
What is -5 - (-4 + 2 + 9 + (-5 - 9))?
2
What is (26 - -4) + (-18 - -4)?
16
Evaluate 12 + (6 - 5 - 6) + 7 + -1.
13
Evaluate -15 - (2 - 0 - (-137 + 125)).
-29
Evaluate 9 - -9 - ((-1 - -8) + -33 + 37).
7
What is (-21 - (-15 - -2)) + 13?
5
Evaluate 17 + -19 - 0 - (8 + 0).
-10
What is the value of 27 + -19 + (3 - 10)?
1
What is (22 - (0 + 3)) + -770 + 760?
9
(6 - 11) + (14 - 3)
6
Calculate -13 + (-1 + (0 - 0) - (208 - 212)).
-10
(-4 - -4) + -6 + -14 + 29 - -1
10
Evaluate (8 - (-7 - (-12 + -4))) + 7.
6
What is the value of (15 - 10 - (-1 - 1)) + -2?
5
-1 + 23 + (49 - 43) + -8
20
What is the value of -18 + -13 + 20 - -22?
11
(117 - 117 - (